{"id":23,"date":"2017-05-24T08:34:20","date_gmt":"2017-05-24T08:34:20","guid":{"rendered":"http:\/\/schaden-regeln.de\/?page_id=23"},"modified":"2022-03-18T09:44:34","modified_gmt":"2022-03-18T09:44:34","slug":"was-kostet-mich-das","status":"publish","type":"page","link":"https:\/\/www.schaden-regeln.de\/?page_id=23","title":{"rendered":"Was kostet mich das?"},"content":{"rendered":"<h3 style=\"text-align: left;\">Was kostet mich das?<\/h3>\n<hr \/>\n<p>Hinsichtlich der Rechtsanwaltskosten sind haupts\u00e4chlich folgende Fallgruppen zu unterscheiden:<\/p>\n<hr \/>\n<p><strong>Ohne Mitverschulden &#8211; KOSTENLOS<\/strong><\/p>\n<p>Wenn Sie an dem Unfall keine Schuld tragen und die gegnerische Versicherung Ihnen auch keine Mitschuld anlastet, ist die <em>gesamte Unfallregulierung<\/em> f\u00fcr Sie KOSTENFREI.<\/p>\n<p>Die Rechtsanwaltskosten z\u00e4hlen zu den Schadenspositionen, die der Unfallsch\u00e4diger bzw. dessen Haftpflichtversicherung Ihnen ersetzen muss. Der Anwalt kann daher direkt mit der Versicherung abrechnen.<\/p>\n<hr \/>\n<p><strong>Bei Mitverschulden &#8211; ANTEILIG<\/strong><\/p>\n<p>Wenn Sie ein Mitverschulden trifft, werden die Anwaltskosten &#8211; wie alle anderen Schadenspositionen auch &#8211; nur anteilsm\u00e4\u00dfig entsprechend der angelasteten Mitverschuldensquote von der Versicherung ersetzt. In diesem Fall m\u00fcssten Sie daher diesen Teil der Kosten selbst \u00fcbernehmen.<\/p>\n<p>Dies bedeutet aber nicht, dass Sie in solchen F\u00e4llen auf den Anwalt verzichten sollten. <strong>Das Gegenteil ist der Fall:<\/strong> H\u00e4ufig lasten Versicherungen einen viel zu hohen Mitverschuldensanteil an, so dass Sie gerade dann einen kompetenten Vertreter ben\u00f6tigen.<\/p>\n<p>Zudem holt der Anwalt in vielen F\u00e4llen auch bei einer (geringen) Mitverschuldensquote mehr f\u00fcr Sie heraus, als er kostet.<\/p>\n<p>Lassen Sie sich im Zweifel die Kosten genau berechnen. Eine Information \u00fcber die Kosten gebe ich immer <u>vorab<\/u> und diese Information ist nat\u00fcrlich auch stets kostenlos.<\/p>\n<hr \/>\n<p><strong>Bei Verkehrsrechtsschutz &#8211; KOSTENLOS<\/strong><\/p>\n<p>Wenn Sie eine Verkehrsrechtsschutzversicherung haben, ist die Einschaltung eines Anwalts in der Regel immer kostenlos, da diese auch den Kostenanteil bei einem Mitverschulden \u00fcbernimmt.<\/p>\n<hr \/>\n<p>Lassen Sie sich nicht von entstehenden Kosten abschrecken: <strong>Fragen Sie danach!<\/strong><\/p>\n<hr \/>\n<p style=\"text-align: center;\">Telefon: 0162 \/ 7210928<span style=\"color: #766f2d;\"><br \/>\n<a href=\"mailto:MAIL@RECHTSANWALT-SENN.DE\">mail@rechtsanwalt-senn.de<\/a><\/span><\/p>\n<hr \/>\n","protected":false},"excerpt":{"rendered":"<p>Was kostet mich das? Hinsichtlich der Rechtsanwaltskosten sind haupts\u00e4chlich folgende Fallgruppen zu unterscheiden: Ohne Mitverschulden &#8211; KOSTENLOS Wenn Sie an dem Unfall keine Schuld tragen und die gegnerische Versicherung Ihnen auch keine Mitschuld anlastet, ist die gesamte Unfallregulierung f\u00fcr Sie KOSTENFREI. Die Rechtsanwaltskosten z\u00e4hlen zu den Schadenspositionen, die der Unfallsch\u00e4diger\u2026 <a class=\"continue-reading-link\" href=\"https:\/\/www.schaden-regeln.de\/?page_id=23\">Continue reading<\/a><\/p>\n","protected":false},"author":1,"featured_media":0,"parent":0,"menu_order":0,"comment_status":"closed","ping_status":"closed","template":"","meta":{"footnotes":""},"class_list":["post-23","page","type-page","status-publish","hentry"],"aioseo_notices":[],"_links":{"self":[{"href":"https:\/\/www.schaden-regeln.de\/index.php?rest_route=\/wp\/v2\/pages\/23","targetHints":{"allow":["GET"]}}],"collection":[{"href":"https:\/\/www.schaden-regeln.de\/index.php?rest_route=\/wp\/v2\/pages"}],"about":[{"href":"https:\/\/www.schaden-regeln.de\/index.php?rest_route=\/wp\/v2\/types\/page"}],"author":[{"embeddable":true,"href":"https:\/\/www.schaden-regeln.de\/index.php?rest_route=\/wp\/v2\/users\/1"}],"replies":[{"embeddable":true,"href":"https:\/\/www.schaden-regeln.de\/index.php?rest_route=%2Fwp%2Fv2%2Fcomments&post=23"}],"version-history":[{"count":19,"href":"https:\/\/www.schaden-regeln.de\/index.php?rest_route=\/wp\/v2\/pages\/23\/revisions"}],"predecessor-version":[{"id":164,"href":"https:\/\/www.schaden-regeln.de\/index.php?rest_route=\/wp\/v2\/pages\/23\/revisions\/164"}],"wp:attachment":[{"href":"https:\/\/www.schaden-regeln.de\/index.php?rest_route=%2Fwp%2Fv2%2Fmedia&parent=23"}],"curies":[{"name":"wp","href":"https:\/\/api.w.org\/{rel}","templated":true}]}}