{"id":27,"date":"2017-05-24T08:47:34","date_gmt":"2017-05-24T08:47:34","guid":{"rendered":"http:\/\/schaden-regeln.de\/?page_id=27"},"modified":"2022-03-18T09:43:16","modified_gmt":"2022-03-18T09:43:16","slug":"einzelne-schadenspositionen","status":"publish","type":"page","link":"https:\/\/www.schaden-regeln.de\/?page_id=27","title":{"rendered":"Einzelne Schadenspositionen"},"content":{"rendered":"<h3 style=\"text-align: left;\"><span style=\"color: #000000;\">Einzelne Schadenspositionen<\/span><\/h3>\n<hr \/>\n<h4 style=\"text-align: left;\"><span style=\"color: #000000;\"><em><strong>Schadenspositionen im Zusammenhang mit dem Fahrzeug:<\/strong><\/em><\/span><\/h4>\n<hr \/>\n<p style=\"padding-left: 30px;\"><strong>1. Reparaturkosten<\/strong><\/p>\n<p style=\"padding-left: 30px;\">Entweder Sie lassen das Fahrzeug reparieren, dann haben Sie Anspruch auf Ersatz der notwendigen Reparaturkosten <em>oder<\/em><\/p>\n<p style=\"padding-left: 30px;\"><strong>2. Abrechnung nach Gutachten<\/strong><\/p>\n<p style=\"padding-left: 30px;\">Sie lassen sich den Reparaturschaden durch einen Sachverst\u00e4ndigen ermitteln. Dann k\u00f6nnen Sie den sich aus dem Gutachten ergebenden Reparaturschaden geltend machen. Sie k\u00f6nnen dann selbst entscheiden ob Sie das Fahrzeug reparieren lassen oder das Geld nehmen und eventuell von einem Bekannten oder auch nur notd\u00fcrftig reparieren lassen.<\/p>\n<p style=\"padding-left: 30px;\"><strong>3. Ersatz des Wiederbeschaffungswerts<\/strong><\/p>\n<p style=\"padding-left: 30px;\">Im Falle eines (wirtschaftlichen) Totalschadens haben Sie lediglich einen Anspruch auf Ersatz des <strong>Wiederbeschaffungswerts<\/strong> abz\u00fcglich des noch vorhandenen \u00a0Restwerts des Fahrzeugs.<\/p>\n<p style=\"padding-left: 30px;\"><strong>4. Mietwagenkosten<\/strong><\/p>\n<p style=\"padding-left: 30px;\">Wenn Sie Ihr Fahrzeug f\u00fcr eine gewisse Zeit nicht nutzen k\u00f6nnen, haben Sie Anspruch auf Ersatz der f\u00fcr ein Mietfahrzeug entstehenden Kosten.<\/p>\n<p style=\"padding-left: 30px;\"><strong>5. Nutzungsausfallentsch\u00e4digung<\/strong><\/p>\n<p style=\"padding-left: 30px;\">Diese erhalten Sie dann, wenn Sie auf einen Mietwagen verzichten, obwohl er Ihnen zustehen w\u00fcrde.<\/p>\n<p style=\"padding-left: 30px;\"><strong>6. Ersatz der Kosten f\u00fcr ein Gutachten<\/strong><\/p>\n<p style=\"padding-left: 30px;\">Die Kosten f\u00fcr ein Gutachten zur Schadensermittlung sind &#8211; au\u00dfer bei Bagatellsch\u00e4den &#8211; zu ersetzen.<\/p>\n<p style=\"padding-left: 30px;\"><strong>7. Wertminderung durch Unfallschaden<\/strong><\/p>\n<p style=\"padding-left: 30px;\">Hierbei wird der Schaden ausgeglichen, der Ihnen dadurch entsteht, dass Sie nun einen &#8222;Unfallwagen&#8220; haben und dies bei einem m\u00f6glichen Weiterverkauf auch angeben m\u00fcssen und damit (zumindest wahrscheinlich) einen geringeren Verkaufspreis erzielen k\u00f6nnen.<\/p>\n<p style=\"padding-left: 30px;\"><strong>8. Abschleppkosten<\/strong><\/p>\n<p style=\"padding-left: 30px;\">Die entstehenden Abschleppkosten sind zu ersetzen, wenn sie wirtschaftlich angemessen sind.<\/p>\n<p style=\"padding-left: 30px;\"><strong>9. Entsorgungskosten<\/strong><\/p>\n<p style=\"padding-left: 30px;\">Wenn Ihr Fahrzeug im wahrsten Sinne des Wortes nur noch &#8222;Schrott&#8220; ist und Sie f\u00fcr die Entsorgung etwas bezahlen m\u00fcssen.<\/p>\n<hr \/>\n<h4 style=\"text-align: left;\"><span style=\"color: #000000;\"><em><strong>Schadenspositionen im Zusammenhang mit der Person:<\/strong><\/em><\/span><\/h4>\n<hr \/>\n<p style=\"padding-left: 30px;\"><strong>1. Arztkosten<\/strong><\/p>\n<p style=\"padding-left: 30px;\">Wenn Ihnen Kosten entstehen, die nicht von der Krankenversicherung gedeckt sind, wie z.B. Selbstbeteiligungen.<\/p>\n<p style=\"padding-left: 30px;\"><strong>2. Heilbehandlungskosten<\/strong><\/p>\n<p style=\"padding-left: 30px;\">Soweit diese nicht von einem anderen Tr\u00e4ger (z.B. Krankenversicherung, Unfallversicherung, etc.) bezahlt werden<\/p>\n<p style=\"padding-left: 30px;\"><strong>3. Verdienstausfall<\/strong><\/p>\n<p style=\"padding-left: 30px;\">Insbesondere bei Selbst\u00e4ndigkeit. Bei Arbeitnehmern gilt im Normalfall die Entgeltfortzahlung, der Schaden liegt dann eher beim Arbeitgeber.<\/p>\n<p style=\"padding-left: 30px;\"><strong>4. Erwerbsausfall<\/strong><\/p>\n<p style=\"padding-left: 30px;\">Bei dauerhaften Beeintr\u00e4chtigungen, hier m\u00fcssen auch Folgesch\u00e4den ber\u00fccksichtigt werden.<\/p>\n<p style=\"padding-left: 30px;\"><strong>5. Schmerzensgeld<\/strong><\/p>\n<p style=\"padding-left: 30px;\">Die H\u00f6he h\u00e4ngt immer vom Einzelfall und von den konkreten Umst\u00e4nden ab.<\/p>\n<p style=\"padding-left: 30px;\"><strong>6. Haushaltsf\u00fchrungsschaden<\/strong><\/p>\n<p style=\"padding-left: 30px;\">Wenn der Haushaltf\u00fchrende verletzt wird, besteht unter Umst\u00e4nden ein Anspruch auf eine (zeitlich beschr\u00e4nkte) Hilfskraft.<\/p>\n<p style=\"padding-left: 30px;\"><strong>7. Sterbekosten, Hinterbliebenenrente<\/strong><\/p>\n<p style=\"padding-left: 30px;\">Im Falle der T\u00f6tung einer Person k\u00f6nnen Anspr\u00fcche auf Unterhalt bestehen, zudem m\u00fcssen nat\u00fcrlich auch die Kosten f\u00fcr ein Begr\u00e4bnis bezahlt werden.<\/p>\n<p><strong>\u00a0<\/strong><\/p>\n<hr \/>\n<h4 style=\"text-align: left;\"><span style=\"color: #000000;\"><strong><em>Weitere Schadenspositionen:<\/em> <\/strong><\/span><\/h4>\n<hr \/>\n<p style=\"padding-left: 30px;\"><strong>1. Rechtsanwaltskosten<\/strong><\/p>\n<p style=\"padding-left: 30px;\">Diese geh\u00f6ren zum Unfallschaden und m\u00fcssen vom Unfallverursacher bzw. dessen Haftpflichtversicherung (anteilm\u00e4\u00dfig) bezahlt werden.<\/p>\n<p style=\"padding-left: 30px;\"><strong>2. Umsatzsteuer<\/strong><\/p>\n<p style=\"padding-left: 30px;\">Auch die Umsatzsteuer muss nat\u00fcrlich bezahlt werden &#8211; sofern sie auch tats\u00e4chlich anf\u00e4llt.<\/p>\n<p style=\"padding-left: 30px;\"><strong>3. Unkostenpauschale<\/strong><\/p>\n<p style=\"padding-left: 30px;\">Ein Unfall f\u00fchrt immer auch zu Fahrten und Telefonaten und Portoaufwendungen (auch wenn Sie sich von einem Anwalt vertraten lassen). Daher haben Sie Anspruch auf eine Pauschale f\u00fcr diese Aufwenungen.<\/p>\n<p style=\"padding-left: 30px;\"><strong> 4. Betreuungskosten<\/strong><\/p>\n<p style=\"padding-left: 30px;\">F\u00fcr die Betreuung von Kindern w\u00e4hrend unfallbedingten Erledigungen.<\/p>\n<p style=\"padding-left: 30px;\"><strong> 5. Schadensfreiheitsrabatt<\/strong><\/p>\n<p style=\"padding-left: 30px;\">Falls Sie durch den Unfall hier Nachteile erleiden.<\/p>\n<p style=\"padding-left: 30px;\"><strong> 6. Sachsch\u00e4den<\/strong><\/p>\n<p style=\"padding-left: 30px;\">Zerst\u00f6rte Kleidung oder Gegenst\u00e4nde im Auto m\u00fcssen ersetzt werden.<\/p>\n<p style=\"padding-left: 30px;\"><strong> 7. \u00dcberziehungszinsen<\/strong><\/p>\n<p style=\"padding-left: 30px;\">Falls Sie Kosten selbst bezahlt haben und dadurch ihr Konto \u00fcberzogen wurde.<\/p>\n<hr \/>\n<p><span style=\"color: #000000;\"><strong>Grunds\u00e4tzlich sind hier viele Schad<\/strong><strong>enspositionen<\/strong><strong> denkbar.<\/strong><\/span><\/p>\n<p><span style=\"color: #000000;\"><strong>Im Grundsatz gilt, dass Sie so gestellt werden m\u00fcssen, als wenn der Unfall nicht eingetreten w\u00e4re.<\/strong><\/span><\/p>\n<p><span style=\"color: #000000;\"><strong>Zu ber\u00fccksichtigen ist hierbei aber, dass Sie im Grundsatz auch nicht vom Unfallereignis profitieren d\u00fcrfen. Hier gibt es viele Fallstricke, weshalb nur dazu geraten werden kann, die Abrechnung einem Fachmann zu \u00fcberlassen.<\/strong><\/span><\/p>\n<hr \/>\n<p style=\"text-align: center;\"><span style=\"color: #766f2d;\"><span style=\"color: #000000;\">Telefon: 0162 \/ 7210928<\/span><br \/>\n<\/span><a href=\"mailto:mail@rechtsanwalt-senn.de\">mail@rechtsanwalt-senn.de<\/a><\/p>\n<hr \/>\n","protected":false},"excerpt":{"rendered":"<p>Einzelne Schadenspositionen Schadenspositionen im Zusammenhang mit dem Fahrzeug: 1. Reparaturkosten Entweder Sie lassen das Fahrzeug reparieren, dann haben Sie Anspruch auf Ersatz der notwendigen Reparaturkosten oder 2. Abrechnung nach Gutachten Sie lassen sich den Reparaturschaden durch einen Sachverst\u00e4ndigen ermitteln. Dann k\u00f6nnen Sie den sich aus dem Gutachten ergebenden Reparaturschaden geltend\u2026 <a class=\"continue-reading-link\" href=\"https:\/\/www.schaden-regeln.de\/?page_id=27\">Continue reading<\/a><\/p>\n","protected":false},"author":1,"featured_media":0,"parent":0,"menu_order":0,"comment_status":"closed","ping_status":"closed","template":"","meta":{"footnotes":""},"class_list":["post-27","page","type-page","status-publish","hentry"],"aioseo_notices":[],"_links":{"self":[{"href":"https:\/\/www.schaden-regeln.de\/index.php?rest_route=\/wp\/v2\/pages\/27","targetHints":{"allow":["GET"]}}],"collection":[{"href":"https:\/\/www.schaden-regeln.de\/index.php?rest_route=\/wp\/v2\/pages"}],"about":[{"href":"https:\/\/www.schaden-regeln.de\/index.php?rest_route=\/wp\/v2\/types\/page"}],"author":[{"embeddable":true,"href":"https:\/\/www.schaden-regeln.de\/index.php?rest_route=\/wp\/v2\/users\/1"}],"replies":[{"embeddable":true,"href":"https:\/\/www.schaden-regeln.de\/index.php?rest_route=%2Fwp%2Fv2%2Fcomments&post=27"}],"version-history":[{"count":44,"href":"https:\/\/www.schaden-regeln.de\/index.php?rest_route=\/wp\/v2\/pages\/27\/revisions"}],"predecessor-version":[{"id":163,"href":"https:\/\/www.schaden-regeln.de\/index.php?rest_route=\/wp\/v2\/pages\/27\/revisions\/163"}],"wp:attachment":[{"href":"https:\/\/www.schaden-regeln.de\/index.php?rest_route=%2Fwp%2Fv2%2Fmedia&parent=27"}],"curies":[{"name":"wp","href":"https:\/\/api.w.org\/{rel}","templated":true}]}}